{"id":72,"date":"2016-11-27T15:43:30","date_gmt":"2016-11-27T14:43:30","guid":{"rendered":"http:\/\/radcy.info.pl\/?page_id=72"},"modified":"2016-11-27T15:43:30","modified_gmt":"2016-11-27T14:43:30","slug":"o-kancelarii","status":"publish","type":"page","link":"http:\/\/radcy.info.pl\/index.php\/o-kancelarii\/","title":{"rendered":"O Kancelarii"},"content":{"rendered":"<p>[et_pb_section admin_label=&#8221;section&#8221;][et_pb_row admin_label=&#8221;row&#8221;][et_pb_column type=&#8221;4_4&#8243;][et_pb_image admin_label=&#8221;Obraz&#8221; src=&#8221;http:\/\/radcy.info.pl\/wp-content\/uploads\/2016\/11\/szablon_strona_1.jpg&#8221; show_in_lightbox=&#8221;off&#8221; url_new_window=&#8221;off&#8221; use_overlay=&#8221;off&#8221; animation=&#8221;fade_in&#8221; sticky=&#8221;off&#8221; align=&#8221;left&#8221; force_fullwidth=&#8221;off&#8221; always_center_on_mobile=&#8221;on&#8221; use_border_color=&#8221;off&#8221; border_color=&#8221;#ffffff&#8221; border_style=&#8221;solid&#8221;] [\/et_pb_image][et_pb_post_title admin_label=&#8221;Tytu\u0142 posta&#8221; title=&#8221;on&#8221; meta=&#8221;off&#8221; author=&#8221;on&#8221; date=&#8221;on&#8221; categories=&#8221;on&#8221; comments=&#8221;on&#8221; featured_image=&#8221;on&#8221; featured_placement=&#8221;below&#8221; parallax_effect=&#8221;on&#8221; parallax_method=&#8221;on&#8221; text_orientation=&#8221;left&#8221; text_color=&#8221;dark&#8221; text_background=&#8221;off&#8221; text_bg_color=&#8221;rgba(255,255,255,0.9)&#8221; module_bg_color=&#8221;rgba(255,255,255,0)&#8221; title_all_caps=&#8221;off&#8221; use_border_color=&#8221;off&#8221; border_color=&#8221;#ffffff&#8221; border_style=&#8221;solid&#8221;] [\/et_pb_post_title][\/et_pb_column][\/et_pb_row][et_pb_row admin_label=&#8221;Wiersz&#8221;][et_pb_column type=&#8221;2_3&#8243;][et_pb_text admin_label=&#8221;Tekst&#8221; background_layout=&#8221;light&#8221; text_orientation=&#8221;left&#8221; use_border_color=&#8221;off&#8221; border_color=&#8221;#ffffff&#8221; border_style=&#8221;solid&#8221;]<\/p>\n<p style=\"text-align: justify;\">Adresujemy swoj\u0105 ofert\u0119 do os\u00f3b fizycznych, przedsi\u0119biorc\u00f3w i instytucji, kt\u00f3rzy ceni\u0105 sobie u prawnik\u00f3w rzetelno\u015b\u0107 i do\u015bwiadczenie. Pracujemy w kameralnej atmosferze, wykorzystuj\u0105c nowoczesne narz\u0119dzia pracy i komunikowania si\u0119 .<\/p>\n<p style=\"text-align: justify;\">Zale\u017cy nam na tym, aby Nasi Klienci wracali do nas ponownie i usatysfakcjonowani poziomem naszego zaanga\u017cowania w Ich sprawy polecali nas innym.<\/p>\n<p style=\"text-align: justify;\">Kancelaria dzia\u0142a od\u00a0 stycznia 1997 roku.<\/p>\n<p style=\"text-align: justify;\"><span style=\"color: #000000;\">Radcy prawni kancelarii ubezpieczeni s\u0105 przez PZU SA w zakresie odpowiedzialno\u015bci cywilnej za szkody wyrz\u0105dzone przy wykonywaniu zawodu radcy prawnego na sum\u0119 ubezpieczenia 5.000.000 z\u0142.<\/span><\/p>\n<p>[\/et_pb_text][\/et_pb_column][et_pb_column type=&#8221;1_3&#8243;][\/et_pb_column][\/et_pb_row][\/et_pb_section]<\/p>\n","protected":false},"excerpt":{"rendered":"<p>Adresujemy swoj\u0105 ofert\u0119 do os\u00f3b fizycznych, przedsi\u0119biorc\u00f3w i instytucji, kt\u00f3rzy ceni\u0105 sobie u prawnik\u00f3w rzetelno\u015b\u0107 i do\u015bwiadczenie. Pracujemy w kameralnej atmosferze, wykorzystuj\u0105c nowoczesne narz\u0119dzia pracy i komunikowania si\u0119 . Zale\u017cy nam na tym, aby Nasi Klienci wracali do nas ponownie i usatysfakcjonowani poziomem naszego zaanga\u017cowania w Ich sprawy polecali nas innym. Kancelaria dzia\u0142a od\u00a0 stycznia [&hellip;]<\/p>\n","protected":false},"author":1,"featured_media":0,"parent":0,"menu_order":0,"comment_status":"closed","ping_status":"closed","template":"","meta":{"_et_pb_use_builder":"on","_et_pb_old_content":"","_et_gb_content_width":""},"_links":{"self":[{"href":"http:\/\/radcy.info.pl\/index.php\/wp-json\/wp\/v2\/pages\/72"}],"collection":[{"href":"http:\/\/radcy.info.pl\/index.php\/wp-json\/wp\/v2\/pages"}],"about":[{"href":"http:\/\/radcy.info.pl\/index.php\/wp-json\/wp\/v2\/types\/page"}],"author":[{"embeddable":true,"href":"http:\/\/radcy.info.pl\/index.php\/wp-json\/wp\/v2\/users\/1"}],"replies":[{"embeddable":true,"href":"http:\/\/radcy.info.pl\/index.php\/wp-json\/wp\/v2\/comments?post=72"}],"version-history":[{"count":1,"href":"http:\/\/radcy.info.pl\/index.php\/wp-json\/wp\/v2\/pages\/72\/revisions"}],"predecessor-version":[{"id":73,"href":"http:\/\/radcy.info.pl\/index.php\/wp-json\/wp\/v2\/pages\/72\/revisions\/73"}],"wp:attachment":[{"href":"http:\/\/radcy.info.pl\/index.php\/wp-json\/wp\/v2\/media?parent=72"}],"curies":[{"name":"wp","href":"https:\/\/api.w.org\/{rel}","templated":true}]}}

<p>[et_pb_section admin_label=&#8221;section&#8221;][et_pb_row admin_label=&#8221;row&#8221;][et_pb_column type=&#8221;4_4&#8243;][et_pb_image admin_label=&#8221;Obraz&#8221; src=&#8221;http://radcy.info.pl/wp-content/uploads/2016/11/szablon_strona_1.jpg&#8221; show_in_lightbox=&#8221;off&#8221; url_new_window=&#8221;off&#8221; use_overlay=&#8221;off&#8221; animation=&#8221;fade_in&#8221; sticky=&#8221;off&#8221; align=&#8221;left&#8221; force_fullwidth=&#8221;off&#8221; always_center_on_mobile=&#8221;on&#8221; use_border_color=&#8221;off&#8221; border_color=&#8221;#ffffff&#8221; border_style=&#8221;solid&#8221;] [/et_pb_image][et_pb_post_title admin_label=&#8221;Tytuł posta&#8221; title=&#8221;on&#8221; meta=&#8221;off&#8221; author=&#8221;on&#8221; date=&#8221;on&#8221; categories=&#8221;on&#8221; comments=&#8221;on&#8221; featured_image=&#8221;on&#8221; featured_placement=&#8221;below&#8221; parallax_effect=&#8221;on&#8221; parallax_method=&#8221;on&#8221; text_orientation=&#8221;left&#8221; text_color=&#8221;dark&#8221; text_background=&#8221;off&#8221; text_bg_color=&#8221;rgba(255,255,255,0.9)&#8221; module_bg_color=&#8221;rgba(255,255,255,0)&#8221; title_all_caps=&#8221;off&#8221; use_border_color=&#8221;off&#8221; border_color=&#8221;#ffffff&#8221; border_style=&#8221;solid&#8221;] [/et_pb_post_title][/et_pb_column][/et_pb_row][et_pb_row admin_label=&#8221;Wiersz&#8221;][et_pb_column type=&#8221;2_3&#8243;][et_pb_text admin_label=&#8221;Tekst&#8221; background_layout=&#8221;light&#8221; text_orientation=&#8221;left&#8221; use_border_color=&#8221;off&#8221; border_color=&#8221;#ffffff&#8221; border_style=&#8221;solid&#8221;]</p>
<p style="text-align: justify;">Adresujemy swoją ofertę do osób fizycznych, przedsiębiorców i instytucji, którzy cenią sobie u prawników rzetelność i doświadczenie. Pracujemy w kameralnej atmosferze, wykorzystując nowoczesne narzędzia pracy i komunikowania się .</p>
<p style="text-align: justify;">Zależy nam na tym, aby Nasi Klienci wracali do nas ponownie i usatysfakcjonowani poziomem naszego zaangażowania w Ich sprawy polecali nas innym.</p>
<p style="text-align: justify;">Kancelaria działa od  stycznia 1997 roku.</p>
<p style="text-align: justify;"><span style="color: #000000;">Radcy prawni kancelarii ubezpieczeni są przez PZU SA w zakresie odpowiedzialności cywilnej za szkody wyrządzone przy wykonywaniu zawodu radcy prawnego na sumę ubezpieczenia 5.000.000 zł.</span></p>
<p>[/et_pb_text][/et_pb_column][et_pb_column type=&#8221;1_3&#8243;][/et_pb_column][/et_pb_row][/et_pb_section]</p>

<p>Adresujemy swoją ofertę do osób fizycznych, przedsiębiorców i instytucji, którzy cenią sobie u prawników rzetelność i doświadczenie. Pracujemy w kameralnej atmosferze, wykorzystując nowoczesne narzędzia pracy i komunikowania się . Zależy nam na tym, aby Nasi Klienci wracali do nas ponownie i usatysfakcjonowani poziomem naszego zaangażowania w Ich sprawy polecali nas innym. Kancelaria działa od  stycznia [&hellip;]</p>
